{"id":134,"date":"2020-07-29T20:34:53","date_gmt":"2020-07-29T23:34:53","guid":{"rendered":"https:\/\/wellnessfactorybrazil.com\/portal\/psico\/blog\/?page_id=134"},"modified":"2020-08-08T13:31:45","modified_gmt":"2020-08-08T16:31:45","slug":"tag","status":"publish","type":"page","link":"https:\/\/wellnessfactorybrazil.com\/portal\/psico\/blog\/tag\/","title":{"rendered":"Ansiedade e TAG"},"content":{"rendered":"<h3><strong>Ansiedade e Transtorno de Ansiedade Generalizada (TAG)<br \/><\/strong><\/h3>\n<h4><b>Diferen\u00e7as entre Ansiedade e TAG :<\/b><\/h4>\n<p>A Ansiedade faz parte da vida e\u00a0 significa &#8220;expectativa&#8221;. A ansiedade \u00a0cria mecanismos para enfrentar o que est\u00e1 por vir, se preparando melhor para aquela situa\u00e7\u00e3o, \u00e9 natural sentir ansiedade e\u00a0 \u00e9 ela funciona como uma forma de defesa do corpo. Quem nunca ficou ansioso na v\u00e9spera ou com o resultado de uma prova,\u00a0\u00a0 um pedido de namoro ou casamento, o primeiro dia de aula, a t\u00e3o sonhada viagem, uma entrevista de emprego, etc ? Seus sintomas mais comuns s\u00e3o: dificuldades para dormir; dificuldades de concentra\u00e7\u00e3o e pensar muito sobre o evento antecipadamente.<\/p>\n<p>O Transtorno de Ansiedade Generalizada (TAG), por sua vez , \u00e9 caracterizado pela &#8220;preocupa\u00e7\u00e3o excessiva ou expectativa apreensiva&#8221;, de dif\u00edcil controle e persistente, de acordo com o Manual Diagn\u00f3stico e Estat\u00edstico de Transtornos Mentais (DSM-IV).<\/p>\n<h4><strong>Principais sintomas da TAG:\u00a0<\/strong><\/h4>\n<p>Preocupa\u00e7\u00f5es e medos excessivos, Vis\u00e3o irreal de problemas<\/p>\n<p>Inquieta\u00e7\u00e3o ou sensa\u00e7\u00e3o de estar sempre \u201cnervoso\u201d<\/p>\n<p>Irritabilidade, Tens\u00e3o muscular, Dores de cabe\u00e7a e no\u00a0 corpo<\/p>\n<p>Dificuldade em manter a concentra\u00e7\u00e3o<\/p>\n<p>N\u00e1useas ou queima\u00e7\u00e3o no est\u00f4mago<\/p>\n<p>Fadiga e sensa\u00e7\u00e3o de cansa\u00e7o constante<\/p>\n<p>Dificuldade para dormir\u00a0 ou manter-se acordado<\/p>\n<p>Ficar facilmente assustada<\/p>\n<h4><strong>Diagn\u00f3stico:<\/strong><\/h4>\n<p>Os seguintes crit\u00e9rios devem ser atendidos para o diagn\u00f3stico de transtorno de ansiedade generalizada:<\/p>\n<ul>\n<li>Ansiedade e preocupa\u00e7\u00e3o excessivas sobre diversos eventos ou atividades na maioria dos dias da semana, por pelo menos seis meses.<\/li>\n<li>Dificuldade em controlar os seus sentimentos de preocupa\u00e7\u00e3o<\/li>\n<li>Ansiedade ou preocupa\u00e7\u00e3o que possa causar sofrimento significativo ou interfere com na rotina<\/li>\n<li>Ansiedade que n\u00e3o est\u00e1 relacionada \u00e0 outra condi\u00e7\u00e3o de sa\u00fade mental, tais como ataques de p\u00e2nico, abuso de subst\u00e2ncia ou transtorno de estresse p\u00f3s-traum\u00e1tico (PTSD)<\/li>\n<li>Pelo menos tr\u00eas dos seguintes sintomas em adultos e uma das seguintes op\u00e7\u00f5es em crian\u00e7as: inquieta\u00e7\u00e3o, fadiga, dificuldade de concentra\u00e7\u00e3o, irritabilidade, tens\u00e3o muscular ou problemas de sono.<\/li>\n<\/ul>\n<p><b>Diferen\u00e7as entre TAG e S\u00edndrome de P\u00e2nico<br \/><\/b><\/p>\n<p>A s\u00edndrome do p\u00e2nico e o transtorno de ansiedade podem muitas vezes ser confundidos ou at\u00e9 mesmo andarem juntos:\u00a0 O transtorno de ansiedade se caracteriza pela preocupa\u00e7\u00e3o desproporcional de pessoas que antecipam problemas que n\u00e3o acontecem, t\u00eam pensamentos obsessivos, medos e dificuldades, com os sintomas acima citados . J\u00e1 uma crise de p\u00e2nico \u00e9 de alta intensidade, com taquicardia, sudorese, aperto no peito, tontura e principalmente o medo \/ sensa\u00e7\u00e3o iminente de morte.\u00a0 A S\u00edndrome do P\u00e2nico, por sua vez,\u00a0 \u00e9\u00a0 muito pontual e intensa, podendo inclusive acordar a pessoa \u00e0 noite. Assim como o transtorno de ansiedade, a s\u00edndrome do p\u00e2nico tamb\u00e9m pode ser desencadeada por diversos fatores e atingir pessoas que j\u00e1 tenham uma tend\u00eancia gen\u00e9tica. Mas o consumo de drogas psicoativas, cafe\u00edna, \u00e1lcool e estimulantes tamb\u00e9m podem estimular o desencadeamento de um crise de p\u00e2nico. \u201cEnquanto uma crise de ansiedade \u00e9 mais heterog\u00eanea e a pessoa fica o tempo todo pensando naquilo, a do p\u00e2nico \u00e9 mais r\u00e1pida e pode paralisar a pessoa onde ela estiver. Sua principal caracter\u00edstica que a diferencia da ansiedade \u00e9 a<strong> sensa\u00e7\u00e3o de morte iminente .<br \/><\/strong><\/p>\n<p><strong>Tratamento<\/strong><\/p>\n<p>Psicoterapias:\u00a0 \u00c9 um tratamento extremamente recomendado para pessoas que sofrem dessa patologia, pois diante das sess\u00f5es de psicoterapia o individuo aprende a compreender seus pensamentos e o que est\u00e1 fazendo com que eles se tornam recorrentes e ent\u00e3o poder modificar. Al\u00e9m de poder desenvolver t\u00e9cnicas de relaxamento, como respira\u00e7\u00e3o e medita\u00e7\u00e3o.<\/p>\n<p>Medicamentos ansiol\u00edticos ( benzodiazep\u00ednicos e inibidores seletivos de recapta\u00e7\u00e3o de serotonina.<\/p>\n<p>\t\t\t\t\t\t\t\t\t\t<img decoding=\"async\" width=\"300\" height=\"300\" data-src=\"https:\/\/wellnessfactorybrazil.com\/portal\/psico\/blog\/wp-content\/uploads\/2020\/07\/camila_lofrano-300x300.jpg\" alt=\"\" data-srcset=\"https:\/\/wellnessfactorybrazil.com\/portal\/psico\/blog\/wp-content\/uploads\/2020\/07\/camila_lofrano-300x300.jpg 300w, https:\/\/wellnessfactorybrazil.com\/portal\/psico\/blog\/wp-content\/uploads\/2020\/07\/camila_lofrano-150x150.jpg 150w, https:\/\/wellnessfactorybrazil.com\/portal\/psico\/blog\/wp-content\/uploads\/2020\/07\/camila_lofrano-768x768.jpg 768w, https:\/\/wellnessfactorybrazil.com\/portal\/psico\/blog\/wp-content\/uploads\/2020\/07\/camila_lofrano.jpg 800w\" data-sizes=\"(max-width: 300px) 100vw, 300px\" src=\"data:image\/gif;base64,R0lGODlhAQABAAAAACH5BAEKAAEALAAAAAABAAEAAAICTAEAOw==\" class=\"lazyload\" style=\"--smush-placeholder-width: 300px; --smush-placeholder-aspect-ratio: 300\/300;\" \/>\t\t\t\t\t\t\t\t\t\t\t<\/p>\n<p>Por Camila Lofrano\u00a0<\/p>\n<p>CRP: 06\/148755<\/p>\n<div style=\"display:none\" class=\"fm-form-container fm-theme1\"><div id=\"fm-pages1\" class=\"fm-pages wdform_page_navigation \" show_title=\"\" show_numbers=\"1\" type=\"none\"><\/div><form name=\"form1\" action=\"\/portal\/psico\/blog\/wp-json\/wp\/v2\/pages\/134\" method=\"post\" id=\"form1\" class=\"fm-form form1  \" enctype=\"multipart\/form-data\"><input type=\"hidden\" id=\"fm_page_id1\" value=\"134\" name=\"fm_page_id1\" \/><input type=\"hidden\" id=\"fm_current_post_type1\" value=\"page\" name=\"fm_current_post_type1\" \/><input type=\"hidden\" id=\"counter1\" value=\"11\" name=\"counter1\" \/><input type=\"hidden\" id=\"Itemid1\" value=\"\" name=\"Itemid1\" \/><input type=\"hidden\" id=\"fm_shake1\" value=\"1\" name=\"fm_shake1\" \/><input type=\"text\" class=\"fm-hide\" id=\"fm_empty_field_validation1\" value=\"\" name=\"fm_empty_field_validation1\" data-value=\"bd736efb144d599cf463541431fbf5c4\" \/><div class=\"fm-header-bg\"><div class=\"fm-header \"><div class=\"fm-header-img  fm-animated swing\"><img decoding=\"async\" data-src=\"https:\/\/wellnessfactorybrazil.com\/portal\/psico\/blog\/wp-content\/uploads\/2020\/07\/wellness_Psico_transparent.fw_.png\" width=\"100px\" src=\"data:image\/gif;base64,R0lGODlhAQABAAAAACH5BAEKAAEALAAAAAABAAEAAAICTAEAOw==\" class=\"lazyload\" style=\"--smush-placeholder-width: 1000px; --smush-placeholder-aspect-ratio: 1000\/800;\" \/><\/div><div class=\"fm-header-text\">          <div class=\"fm-header-title\">            Contato psico@wellnessfactorybrazil.com          <\/div>          <div class=\"fm-header-description\">            &nbsp;&nbsp;          <\/div>        <\/div><\/div><\/div><div class=\"wdform-page-and-images fm-form-builder\"><div id=\"1form_view1\" class=\"wdform_page\" page_title=\"Untitled page\" next_title=\"Next\" next_type=\"text\" next_class=\"wdform-page-button\" next_checkable=\"true\" previous_title=\"Previous\" previous_type=\"text\" previous_class=\"wdform-page-button\" previous_checkable=\"false\"><div class=\"wdform_section\"><div class=\"wdform_column\"><div wdid=\"2\" class=\"wdform_row\" style=\"position: relative; left: 0px; top: 0px;\"><div type=\"type_text\" class=\"wdform-field wd-width-100 wd-flex wd-flex-column fm-type_text\" ><div class=\"wdform-label-section wd-width-100  wd-flex-row wd-align-items-center\">    <label  for=\"wdform_2_element1\" class=\"wdform-label\">Nome completo<\/label><span class=\"wdform-required\">*<\/span><\/div><div class=\"wdform-element-section wd-flex  wd-flex-row wd-align-items-center wd-width-100\" ><input type=\"text\"                           class=\"wd-width-100\"                           id=\"wdform_2_element1\"                           name=\"wdform_2_element1\"                           value=\"\"                           data-value=\"\"                           title=\"\"                           placeholder=\"\"                                                       \/><\/div><\/div><\/div><div wdid=\"3\" class=\"wdform_row\" style=\"position: relative; left: 0px; top: 0px;\"><div type=\"type_submitter_mail\" class=\"wdform-field wd-width-100 wd-flex wd-flex-column fm-type_submitter_mail\" ><div class=\"wdform-label-section wd-width-100  wd-flex-row\">    <label  for=\"wdform_3_element1\" class=\"wdform-label\">Email<\/label><span class=\"wdform-required\">*<\/span><\/div><div class=\"wdform-element-section wd-flex  wd-flex-row wd-width-100\" ><input type=\"text\" class=\"wd-width-100\" id=\"wdform_3_element1\" name=\"wdform_3_element1\" data-value=\"\" value=\"\" title=\"\" placeholder=\"\"   onchange=\"wd_check_email('3', '1', 'This is not a valid email address.')\" \/><\/div><\/div><\/div><\/div><div class=\"wdform_column\"><div wdid=\"7\" class=\"wdform_row\"><div type=\"type_spinner\" class=\"wdform-field wd-width-100 wd-flex wd-flex-column fm-type_spinner\" ><div class=\"wdform-label-section wd-width-100  wd-flex-row\" style=\"max-width: 60px;\">    <label  for=\"wdform_7_element1\" class=\"wdform-label\">Idade<\/label><\/div><div class=\"wdform-element-section wd-flex  wd-flex-row wd-width-100\" ><input                            name=\"wdform_7_element1\"                            id=\"wdform_7_element1\"                            class=\"wd-type-number\"                            onkeyup=\"wd_validate(this)\"                            data-valid-type=\"number\"                            data-form-id=\"1\"                            data-wdid=\"7\"                            style=\"width: 65px;\"                            data-value=\"\"                            value=\"\"                             \/><\/div><\/div><\/div><div wdid=\"10\" class=\"wdform_row\" style=\"position: relative; left: 0px; top: 0px;\"><div type=\"type_own_select\" class=\"wdform-field wd-width-100 wd-flex wd-flex-column fm-type_own_select\" ><div class=\"wdform-label-section wd-width-100 wdform_select wd-flex-row\">    <label  for=\"wdform_10_element1\" class=\"wdform-label\">Sexo:<\/label><\/div><div class=\"wdform-element-section wd-flex wdform_select wd-flex-row wd-width-100\" ><select class=\"wd-width-100\" id=\"wdform_10_element1\" name=\"wdform_10_element1\" ><option value=\"\" selected=\"selected\"><\/option><option value=\"Masculino\" >Masculino<\/option><option value=\"Feminino\" >Feminino<\/option><option value=\"Outros\" >Outros<\/option><\/select><\/div><\/div><\/div><div wdid=\"9\" class=\"wdform_row\"><div type=\"type_text\" class=\"wdform-field wd-width-100 wd-flex wd-flex-column fm-type_text\" ><div class=\"wdform-label-section wd-width-100  wd-flex-row wd-align-items-center\" style=\"max-width: 100px;\">    <label  for=\"wdform_9_element1\" class=\"wdform-label\">Telefone<\/label><span class=\"wdform-required\">*<\/span><\/div><div class=\"wdform-element-section wd-flex  wd-flex-row wd-align-items-center wd-width-100\" ><input type=\"text\"                           class=\"wd-width-100\"                           id=\"wdform_9_element1\"                           name=\"wdform_9_element1\"                           value=\"\"                           data-value=\"\"                           title=\"(11) 22222 2222\"                           placeholder=\"(11) 22222 2222\"                                                       \/><\/div><\/div><\/div><\/div><div class=\"wdform_column\"><div wdid=\"4\" class=\"wdform_row\" style=\"position: relative; left: 0px; top: 0px;\"><div type=\"type_text\" class=\"wdform-field wd-width-100 wd-flex wd-flex-column fm-type_text\" ><div class=\"wdform-label-section wd-width-100  wd-flex-row wd-align-items-center\">    <label  for=\"wdform_4_element1\" class=\"wdform-label\">Assunto:<\/label><span class=\"wdform-required\">*<\/span><\/div><div class=\"wdform-element-section wd-flex  wd-flex-row wd-align-items-center wd-width-100\" ><input type=\"text\"                           class=\"wd-width-100\"                           id=\"wdform_4_element1\"                           name=\"wdform_4_element1\"                           value=\"\"                           data-value=\"\"                           title=\"\"                           placeholder=\"\"                                                       \/><\/div><\/div><\/div><\/div><div class=\"wdform_column\"><div wdid=\"5\" class=\"wdform_row\"><div type=\"type_textarea\" class=\"wdform-field wd-width-100 wd-flex wd-flex-column fm-type_textarea\" ><div class=\"wdform-label-section wd-width-100 \">    <label  for=\"wdform_5_element1\" class=\"wdform-label\">Texto:<\/label><span class=\"wdform-required\">*<\/span><\/div><div class=\"wdform-element-section wd-flex  wd-width-100\" ><textarea class=\"wd-width-100\"                      id=\"wdform_5_element1\"                      name=\"wdform_5_element1\"                      placeholder=\"\"                      data-value=\"\"                      maxlength=\"\"                      style=\"height: 100px;\"                      ><\/textarea><\/div><\/div><\/div><\/div><div class=\"wdform_column\"><div wdid=\"1\" class=\"wdform_row\"><div type=\"type_submit_reset\" class=\"wdform-field wd-width-100 wd-flex wd-flex-column fm-type_submit_reset\" ><div class=\"wdform-element-section wd-flex  wd-flex-row wd-justify-content-left wd-width-100\" ><button  type=\"button\" class=\"button-submit\" onclick=\"fm_submit_form('1');\"  data-ajax=\"0\"><span class=\"fm-submit-loading spinner fm-ico-spinner\"><\/span>Enviar<\/button><button  type=\"button\" class=\"button-reset wd-hidden\" onclick=\"fm_reset_form(1);\" >Limpar<\/button><\/div><\/div><\/div><\/div><\/div><div valign=\"top\" class=\"wdform_footer wd-width-100\"><div class=\"wd-width-100\"><div class=\"wd-width-100 wd-table\" style=\"padding-top:10px;\"><div class=\"wd-table-group\"><div id=\"1page_nav1\" class=\"wd-table-row\"><\/div><\/div><\/div><\/div><\/div><\/div><\/div><div class=\"wdform_preload\"><\/div><input type=\"hidden\" name=\"fm-current-page\" value=\"https:\/\/wellnessfactorybrazil.com\/portal\/psico\/blog\/wp-json\/wp\/v2\/pages\/134\" \/><\/form><\/div>\n","protected":false},"excerpt":{"rendered":"<p>Ansiedade e Transtorno de Ansiedade Generalizada (TAG) Diferen\u00e7as entre Ansiedade e TAG : A Ansiedade faz parte da vida e\u00a0 significa &#8220;expectativa&#8221;. A ansiedade \u00a0cria&hellip;<\/p>\n","protected":false},"author":1,"featured_media":0,"parent":0,"menu_order":2,"comment_status":"closed","ping_status":"closed","template":"","meta":{"footnotes":""},"class_list":["post-134","page","type-page","status-publish","hentry"],"yoast_head":"<!-- This site is optimized with the Yoast SEO plugin v27.2 - https:\/\/yoast.com\/product\/yoast-seo-wordpress\/ -->\n<title>Ansiedade e TAG - Blog Psico<\/title>\n<meta name=\"robots\" content=\"index, follow, max-snippet:-1, max-image-preview:large, max-video-preview:-1\" \/>\n<link rel=\"canonical\" href=\"https:\/\/wellnessfactorybrazil.com\/portal\/psico\/blog\/tag\/\" \/>\n<meta property=\"og:locale\" content=\"pt_BR\" \/>\n<meta property=\"og:type\" content=\"article\" \/>\n<meta property=\"og:title\" content=\"Ansiedade e TAG - Blog Psico\" \/>\n<meta property=\"og:description\" content=\"Ansiedade e Transtorno de Ansiedade Generalizada (TAG) Diferen\u00e7as entre Ansiedade e TAG : A Ansiedade faz parte da vida e\u00a0 significa &#8220;expectativa&#8221;. A ansiedade \u00a0cria&hellip;\" \/>\n<meta property=\"og:url\" content=\"https:\/\/wellnessfactorybrazil.com\/portal\/psico\/blog\/tag\/\" \/>\n<meta property=\"og:site_name\" content=\"Blog Psico\" \/>\n<meta property=\"article:modified_time\" content=\"2020-08-08T16:31:45+00:00\" \/>\n<meta property=\"og:image\" content=\"https:\/\/wellnessfactorybrazil.com\/portal\/psico\/blog\/wp-content\/uploads\/2020\/07\/camila_lofrano-300x300.jpg\" \/>\n<meta name=\"twitter:card\" content=\"summary_large_image\" \/>\n<meta name=\"twitter:label1\" content=\"Est. tempo de leitura\" \/>\n\t<meta name=\"twitter:data1\" content=\"3 minutos\" \/>\n<script type=\"application\/ld+json\" class=\"yoast-schema-graph\">{\"@context\":\"https:\/\/schema.org\",\"@graph\":[{\"@type\":\"WebPage\",\"@id\":\"https:\/\/wellnessfactorybrazil.com\/portal\/psico\/blog\/tag\/\",\"url\":\"https:\/\/wellnessfactorybrazil.com\/portal\/psico\/blog\/tag\/\",\"name\":\"Ansiedade e TAG - Blog Psico\",\"isPartOf\":{\"@id\":\"https:\/\/wellnessfactorybrazil.com\/portal\/psico\/blog\/#website\"},\"primaryImageOfPage\":{\"@id\":\"https:\/\/wellnessfactorybrazil.com\/portal\/psico\/blog\/tag\/#primaryimage\"},\"image\":{\"@id\":\"https:\/\/wellnessfactorybrazil.com\/portal\/psico\/blog\/tag\/#primaryimage\"},\"thumbnailUrl\":\"https:\/\/wellnessfactorybrazil.com\/portal\/psico\/blog\/wp-content\/uploads\/2020\/07\/camila_lofrano-300x300.jpg\",\"datePublished\":\"2020-07-29T23:34:53+00:00\",\"dateModified\":\"2020-08-08T16:31:45+00:00\",\"breadcrumb\":{\"@id\":\"https:\/\/wellnessfactorybrazil.com\/portal\/psico\/blog\/tag\/#breadcrumb\"},\"inLanguage\":\"pt-BR\",\"potentialAction\":[{\"@type\":\"ReadAction\",\"target\":[\"https:\/\/wellnessfactorybrazil.com\/portal\/psico\/blog\/tag\/\"]}]},{\"@type\":\"ImageObject\",\"inLanguage\":\"pt-BR\",\"@id\":\"https:\/\/wellnessfactorybrazil.com\/portal\/psico\/blog\/tag\/#primaryimage\",\"url\":\"https:\/\/wellnessfactorybrazil.com\/portal\/psico\/blog\/wp-content\/uploads\/2020\/07\/camila_lofrano.jpg\",\"contentUrl\":\"https:\/\/wellnessfactorybrazil.com\/portal\/psico\/blog\/wp-content\/uploads\/2020\/07\/camila_lofrano.jpg\",\"width\":800,\"height\":800},{\"@type\":\"BreadcrumbList\",\"@id\":\"https:\/\/wellnessfactorybrazil.com\/portal\/psico\/blog\/tag\/#breadcrumb\",\"itemListElement\":[{\"@type\":\"ListItem\",\"position\":1,\"name\":\"In\u00edcio\",\"item\":\"https:\/\/wellnessfactorybrazil.com\/portal\/psico\/blog\/\"},{\"@type\":\"ListItem\",\"position\":2,\"name\":\"Ansiedade e TAG\"}]},{\"@type\":\"WebSite\",\"@id\":\"https:\/\/wellnessfactorybrazil.com\/portal\/psico\/blog\/#website\",\"url\":\"https:\/\/wellnessfactorybrazil.com\/portal\/psico\/blog\/\",\"name\":\"Blog Psico\",\"description\":\"Blog da Psicologia\",\"publisher\":{\"@id\":\"https:\/\/wellnessfactorybrazil.com\/portal\/psico\/blog\/#organization\"},\"potentialAction\":[{\"@type\":\"SearchAction\",\"target\":{\"@type\":\"EntryPoint\",\"urlTemplate\":\"https:\/\/wellnessfactorybrazil.com\/portal\/psico\/blog\/?s={search_term_string}\"},\"query-input\":{\"@type\":\"PropertyValueSpecification\",\"valueRequired\":true,\"valueName\":\"search_term_string\"}}],\"inLanguage\":\"pt-BR\"},{\"@type\":\"Organization\",\"@id\":\"https:\/\/wellnessfactorybrazil.com\/portal\/psico\/blog\/#organization\",\"name\":\"Blog Psico\",\"url\":\"https:\/\/wellnessfactorybrazil.com\/portal\/psico\/blog\/\",\"logo\":{\"@type\":\"ImageObject\",\"inLanguage\":\"pt-BR\",\"@id\":\"https:\/\/wellnessfactorybrazil.com\/portal\/psico\/blog\/#\/schema\/logo\/image\/\",\"url\":\"https:\/\/wellnessfactorybrazil.com\/portal\/psico\/blog\/wp-content\/uploads\/2020\/07\/wellness_Psico_transparent.fw_.png\",\"contentUrl\":\"https:\/\/wellnessfactorybrazil.com\/portal\/psico\/blog\/wp-content\/uploads\/2020\/07\/wellness_Psico_transparent.fw_.png\",\"width\":1000,\"height\":800,\"caption\":\"Blog Psico\"},\"image\":{\"@id\":\"https:\/\/wellnessfactorybrazil.com\/portal\/psico\/blog\/#\/schema\/logo\/image\/\"}}]}<\/script>\n<!-- \/ Yoast SEO plugin. -->","yoast_head_json":{"title":"Ansiedade e TAG - Blog Psico","robots":{"index":"index","follow":"follow","max-snippet":"max-snippet:-1","max-image-preview":"max-image-preview:large","max-video-preview":"max-video-preview:-1"},"canonical":"https:\/\/wellnessfactorybrazil.com\/portal\/psico\/blog\/tag\/","og_locale":"pt_BR","og_type":"article","og_title":"Ansiedade e TAG - Blog Psico","og_description":"Ansiedade e Transtorno de Ansiedade Generalizada (TAG) Diferen\u00e7as entre Ansiedade e TAG : A Ansiedade faz parte da vida e\u00a0 significa &#8220;expectativa&#8221;. A ansiedade \u00a0cria&hellip;","og_url":"https:\/\/wellnessfactorybrazil.com\/portal\/psico\/blog\/tag\/","og_site_name":"Blog Psico","article_modified_time":"2020-08-08T16:31:45+00:00","og_image":[{"url":"https:\/\/wellnessfactorybrazil.com\/portal\/psico\/blog\/wp-content\/uploads\/2020\/07\/camila_lofrano-300x300.jpg","type":"","width":"","height":""}],"twitter_card":"summary_large_image","twitter_misc":{"Est. tempo de leitura":"3 minutos"},"schema":{"@context":"https:\/\/schema.org","@graph":[{"@type":"WebPage","@id":"https:\/\/wellnessfactorybrazil.com\/portal\/psico\/blog\/tag\/","url":"https:\/\/wellnessfactorybrazil.com\/portal\/psico\/blog\/tag\/","name":"Ansiedade e TAG - Blog Psico","isPartOf":{"@id":"https:\/\/wellnessfactorybrazil.com\/portal\/psico\/blog\/#website"},"primaryImageOfPage":{"@id":"https:\/\/wellnessfactorybrazil.com\/portal\/psico\/blog\/tag\/#primaryimage"},"image":{"@id":"https:\/\/wellnessfactorybrazil.com\/portal\/psico\/blog\/tag\/#primaryimage"},"thumbnailUrl":"https:\/\/wellnessfactorybrazil.com\/portal\/psico\/blog\/wp-content\/uploads\/2020\/07\/camila_lofrano-300x300.jpg","datePublished":"2020-07-29T23:34:53+00:00","dateModified":"2020-08-08T16:31:45+00:00","breadcrumb":{"@id":"https:\/\/wellnessfactorybrazil.com\/portal\/psico\/blog\/tag\/#breadcrumb"},"inLanguage":"pt-BR","potentialAction":[{"@type":"ReadAction","target":["https:\/\/wellnessfactorybrazil.com\/portal\/psico\/blog\/tag\/"]}]},{"@type":"ImageObject","inLanguage":"pt-BR","@id":"https:\/\/wellnessfactorybrazil.com\/portal\/psico\/blog\/tag\/#primaryimage","url":"https:\/\/wellnessfactorybrazil.com\/portal\/psico\/blog\/wp-content\/uploads\/2020\/07\/camila_lofrano.jpg","contentUrl":"https:\/\/wellnessfactorybrazil.com\/portal\/psico\/blog\/wp-content\/uploads\/2020\/07\/camila_lofrano.jpg","width":800,"height":800},{"@type":"BreadcrumbList","@id":"https:\/\/wellnessfactorybrazil.com\/portal\/psico\/blog\/tag\/#breadcrumb","itemListElement":[{"@type":"ListItem","position":1,"name":"In\u00edcio","item":"https:\/\/wellnessfactorybrazil.com\/portal\/psico\/blog\/"},{"@type":"ListItem","position":2,"name":"Ansiedade e TAG"}]},{"@type":"WebSite","@id":"https:\/\/wellnessfactorybrazil.com\/portal\/psico\/blog\/#website","url":"https:\/\/wellnessfactorybrazil.com\/portal\/psico\/blog\/","name":"Blog Psico","description":"Blog da Psicologia","publisher":{"@id":"https:\/\/wellnessfactorybrazil.com\/portal\/psico\/blog\/#organization"},"potentialAction":[{"@type":"SearchAction","target":{"@type":"EntryPoint","urlTemplate":"https:\/\/wellnessfactorybrazil.com\/portal\/psico\/blog\/?s={search_term_string}"},"query-input":{"@type":"PropertyValueSpecification","valueRequired":true,"valueName":"search_term_string"}}],"inLanguage":"pt-BR"},{"@type":"Organization","@id":"https:\/\/wellnessfactorybrazil.com\/portal\/psico\/blog\/#organization","name":"Blog Psico","url":"https:\/\/wellnessfactorybrazil.com\/portal\/psico\/blog\/","logo":{"@type":"ImageObject","inLanguage":"pt-BR","@id":"https:\/\/wellnessfactorybrazil.com\/portal\/psico\/blog\/#\/schema\/logo\/image\/","url":"https:\/\/wellnessfactorybrazil.com\/portal\/psico\/blog\/wp-content\/uploads\/2020\/07\/wellness_Psico_transparent.fw_.png","contentUrl":"https:\/\/wellnessfactorybrazil.com\/portal\/psico\/blog\/wp-content\/uploads\/2020\/07\/wellness_Psico_transparent.fw_.png","width":1000,"height":800,"caption":"Blog Psico"},"image":{"@id":"https:\/\/wellnessfactorybrazil.com\/portal\/psico\/blog\/#\/schema\/logo\/image\/"}}]}},"_links":{"self":[{"href":"https:\/\/wellnessfactorybrazil.com\/portal\/psico\/blog\/wp-json\/wp\/v2\/pages\/134","targetHints":{"allow":["GET"]}}],"collection":[{"href":"https:\/\/wellnessfactorybrazil.com\/portal\/psico\/blog\/wp-json\/wp\/v2\/pages"}],"about":[{"href":"https:\/\/wellnessfactorybrazil.com\/portal\/psico\/blog\/wp-json\/wp\/v2\/types\/page"}],"author":[{"embeddable":true,"href":"https:\/\/wellnessfactorybrazil.com\/portal\/psico\/blog\/wp-json\/wp\/v2\/users\/1"}],"replies":[{"embeddable":true,"href":"https:\/\/wellnessfactorybrazil.com\/portal\/psico\/blog\/wp-json\/wp\/v2\/comments?post=134"}],"version-history":[{"count":9,"href":"https:\/\/wellnessfactorybrazil.com\/portal\/psico\/blog\/wp-json\/wp\/v2\/pages\/134\/revisions"}],"predecessor-version":[{"id":225,"href":"https:\/\/wellnessfactorybrazil.com\/portal\/psico\/blog\/wp-json\/wp\/v2\/pages\/134\/revisions\/225"}],"wp:attachment":[{"href":"https:\/\/wellnessfactorybrazil.com\/portal\/psico\/blog\/wp-json\/wp\/v2\/media?parent=134"}],"curies":[{"name":"wp","href":"https:\/\/api.w.org\/{rel}","templated":true}]}}